ppose -o - 3*o + 11 = -3*n, 0 = -4*o - n + 7. Suppose -w = -o*c + 389 - 1192, 2*c = -6. Is w a prime number?
True
Suppose -47 = 5*x - 12. Is (-16)/(-56) - ((-2166)/x)/(-2) a composite number?
True
Let q(n) be the first derivative of -5/2*n**2 - 5 + 7*n. Is q(-6) a prime number?
True
Let y = -6670 + 28679. Is y a prime number?
False
Suppose 0 = -2*u + 3*u - 3. Suppose -150 = 4*s + u*m - 805, -5*s - 2*m + 817 = 0. Is s prime?
True
Let c = -3164 + 8943. Is c composite?
False
Suppose 5*d = -0*d - 3*i + 5, 2*d = -4*i + 16. Let o = d + 6. Suppose 4*r - 4*w = 192, -2*w + 355 = o*r + 133. Is r prime?
True
Let f(d) = 65768*d**3 - 2*d**2 + 7*d - 6. Is f(1) a prime number?
False
Suppose 0*g + 247 = 3*g - 2*v, -2*v = 2*g - 158. Is (-2)/(-9) - 19407*(-3)/g a composite number?
False
Suppose s + 3*h = 3761, -4*s + 0*s = 3*h - 14999. Let r = -2193 + s. Is r a prime number?
True
Suppose 0 = 19*h - 8*h - 330979. Is h composite?
False
Suppose 0*u = u. Let l be (u + -2 - -2) + -686. Is (-2)/(-6) + l/(-21) a composite number?
True
Suppose 0 = -0*o - o + 456. Suppose 2*s - o = -3*g, 0*s + 4*s + g - 932 = 0. Let l = s + -107. Is l composite?
False
Let q(h) = -h - 5. Let l be q(-7). Suppose 0*s + l*s = -946. Is (-22)/33 - s/3 composite?
False
Let i(n) = -3*n**3 + 4*n**2 - 4*n + 1. Let c be i(3). Let j = c - -283. Is j/5 + 27/45 a composite number?
True
Let z(x) = 992*x**2 + 14*x + 9. Is z(-2) a prime number?
False
Let o = 124496 - 8241. Is o prime?
False
Suppose -3*b + 17 = -5*r, b - 4 = -b - 4*r. Suppose -o + b*o = 12. Suppose -3*w = -2*h + 3*h - 146, -5*h = -o*w + 201. Is w composite?
True
Let a(f) = f**2 + 24*f - 54. Let r be a(-18). Suppose -3*i + 5*i = 634. Let h = r + i. Is h a prime number?
False
Is 2174/(-3)*(-7)/((-42)/(-9)) a composite number?
False
Let l(b) = 2*b**2 - 6*b + 2. Let t be l(-6). Let i be ((-176)/t)/(2/635). Let k = i + 903. Is k prime?
False
Suppose -4*y + 1684 = -6608. Is y a composite number?
True
Let m = 1322 - -161. Is m prime?
True
Let w(b) = 3*b**2 - 11*b + 7. Is w(21) prime?
False
Let d(j) = -244*j + 1. Let k(c) = -488*c + 3. Let n = -10 - -15. Let l(s) = n*d(s) - 2*k(s). Is l(-2) prime?
True
Suppose -2*m + 2*n = -2, 5*m - 4*n - 13 = -n. Suppose -m*l - 380 = -9*l. Is l composite?
True
Let u = 1191 - -4108. Is u a composite number?
True
Let r(s) = 47*s**2 - 9*s + 21. Is r(5) composite?
False
Suppose -22*i = -17*i - 10. Suppose 5*g = -25, -k + 2*k - 14 = i*g. Suppose -k*l + 1491 = -433. Is l a prime number?
False
Let b = -13 + 17. Suppose -b - 4 = -4*t. Suppose -3*j = -t*h + 26, -3*h - h + 5*j = -52. Is h a composite number?
False
Suppose 0 = 5*c - 3*r - 582 - 59, 0 = 3*c + 3*r - 375. Is c composite?
False
Let z(n) = -43*n - 2. Let a(b) be the second derivative of -b**5/20 + b**4/12 + b**3/6 + 2*b**2 + 7*b. Let w be a(3). Is z(w) a prime number?
False
Let z = 531 - 374. Suppose 160*v - 609 = z*v. Is v a composite number?
True
Suppose -13*s - n = -8*s - 10766, -3*n + 4309 = 2*s. Is s composite?
False
Let k(j) = -j**3 + 6*j**2 - 4*j + 11. Let v be k(6). Let d(y) = -95*y + 24. Is d(v) a composite number?
False
Let x(r) = -r + 31. Let j be x(-6). Suppose -3*c - 2*c + 3*i + 29 = 0, i + 3 = 0. Suppose -231 = -c*p + j. Is p prime?
True
Suppose -10 + 0 = -5*y, -2*b + 2 = 5*y. Is 2*753/(-24)*b a composite number?
False
Let t(s) = -3*s - 4. Let i be t(-4). Let y be 2*(-4)/i - -6. Is 13*(-3 + y)*1 composite?
True
Suppose -4*j + 4*z + 87460 = 0, -5*j + 23*z - 24*z + 109313 = 0. Is j a prime number?
True
Let k(u) = 3*u - 12 + 60*u + 14. Let b be k(4). Suppose -4*m + 254 + b = 0. Is m prime?
True
Let w = -24 - -1165. Is w composite?
True
Suppose 10*l = 22*l - 552. Suppose -5*v - 4*q - 39 = 32, 4*q + 5 = v. Let o = l + v. Is o prime?
False
Suppose w + 0*w = 1053. Suppose w = 5*q - 4*y, -q + 416 = q + y. Let l = q - 112. Is l composite?
False
Let b(z) = -36123*z - 25. Is b(-2) a prime number?
True
Let b = 9527 - 3841. Is b a composite number?
True
Let b(f) be the second derivative of f**5/20 - 13*f**4/12 + 3*f. Let l be b(13). Suppose -m = -l*m - 53. Is m a prime number?
True
Let f = -3 + 3. Suppose -2*h + 253 - 89 = f. Let z = h + 45. Is z composite?
False
Let q(p) = 62*p + 3. Let s = -45 - -47. Is q(s) a prime number?
True
Suppose 2 = -2*p + 6. Suppose r - p*b - 6 = 4, -2*b + 38 = 5*r. Suppose -42 = 5*o - r*o. Is o a prime number?
False
Let l(t) = 4*t**2 - 2*t - 1. Let o be l(-1). Suppose 0 = o*h - 9*h - 24. Is (-212 - 6)*3/h composite?
False
Suppose -4*c - 16 = 2*u, -7 = u - 3*c - 19. Is 1539/2 + u - 46/92 composite?
False
Let o(y) = -211*y**3 - 3*y - 2. Let l be o(-1). Suppose 3*t - 80 - l = -2*q, -4*t = -4*q + 604. Is q composite?
False
Let y(g) = g**2 - 2*g - 5. Let s be y(4). Suppose -v = -3*h + 4973, -2208 - 4414 = -4*h - s*v. Is h prime?
True
Let g(x) be the second derivative of 2*x**5/5 + x**4/2 - 5*x**3/6 - x**2 - 6*x. Is g(5) composite?
False
Suppose 1785 = 5*u - 10*u. Let z(p) = 6*p**3 - p**2 - 5*p + 2. Let n be z(4). Let i = n - u. Is i a prime number?
False
Suppose 5*k - 4*q = 2769, q + 577 = k + 6*q. Is k a composite number?
False
Is 165/(-132) - (-685394)/8 a composite number?
True
Let t(j) = j**3 + 14*j**2 + 3*j + 7. Let a be t(-12). Suppose -a = -m + r, -2*m + 5*r + 518 = r. Is m a prime number?
False
Let f = 494 - -242. Suppose -2885 = -7*c - f. Is c prime?
True
Suppose 62 = -4*t + 2*m, -t + 57 = -5*t + m. Let f = t + 4. Let x = f - -35. Is x a prime number?
False
Suppose 0 = -33*d + 36*d - 25539. Is d a composite number?
False
Is ((-874922)/51)/(42/(-9) + 4) a prime number?
True
Suppose -2*w = 2*o - 460, 5*w + 20 + 1150 = 5*o. Let n = 1 + -1. Is (n - -1)/(4/o) composite?
True
Let d(v) = v**2 - 7*v - 8. Let y(u) = 3*u - 1. Let o be y(3). Let i be d(o). Suppose -5*g = -3*a - 1310, i = 4*g - 7*g + 5*a + 770. Is g prime?
False
Let v be (-10)/35 - (-3)/(-21)*-4685. Suppose -2*a = -5*a + v. Is a a prime number?
True
Let a(x) = -30*x + 4. Let i(j) = -10*j + 1. Let s(m) = 4*a(m) - 11*i(m). Is s(-5) a composite number?
True
Let l(a) be the second derivative of -73*a**5/5 + a**4/6 - a**3/6 - a**2 + 2*a. Suppose -s = -4*g - 3*s - 6, 2*g + 2*s + 4 = 0. Is l(g) composite?
False
Let m = 143 + 199. Let a = -158 + m. Suppose 3*n + n - a = 0. Is n prime?
False
Suppose -3*h - v + 14583 = 0, 0 = -4*h + 2*v + 23327 - 3883. Is h prime?
True
Is 6/(-36)*-15*132324/10 prime?
False
Let n(s) = 105*s**2 + 7*s - 7. Let j be n(5). Suppose -5*d + j = 2*d. Is d a composite number?
False
Suppose -n + 3 = b - 3*b, -6 = -n + b. Let m = n - -1. Suppose 5*d = m, 3*g = 3*d + 1323 - 450. Is g a composite number?
False
Let z(g) = g**2 - g + 85. Let q(m) = 4*m**3 + m**2 - 2*m + 1. Let o be q(1). Suppose 20 = 5*s - 2*p - 3*p, o = -5*s - p. Is z(s) a composite number?
True
Suppose -4*c = 3*c + 7. Let x(d) = -d**3 - d**2 - d - 1. Let w be x(c). Suppose t - 4*t + 1407 = w. Is t a prime number?
False
Suppose -5*y = -4*y + h - 3, 0 = -4*y - h + 9. Is (-2341)/(-2) + y/(-4)*-1 prime?
True
Suppose -2*k + 5*k - 3*j - 333 = 0, -3 = -3*j. Suppose 8*n = 4*n + k. Suppose u = -3*u + n. Is u prime?
True
Let n = 2160 - -6649. Is n composite?
True
Is 50/225 + (8474/(-9))/(-2) composite?
True
Suppose 1018816 - 207937 = 89*i. Is i composite?
True
Let u = 13 + -13. Let b be 2 - 4/(u + 2). Suppose -q - 22 + 73 = b. Is q composite?
True
Is -11*((-32)/160 - 3068/10) a prime number?
False
Let k(l) be the second derivative of -8*l**3/3 - 17*l**2/2 + l. Let j(n) = -2*n**3 - 7*n**2 + 3. Let t be j(-2). Is k(t) a composite number?
False
Let g(d) = d**3 + 9*d**2 - 11*d - 5. Let h be g(-10). Suppose -3*t - 3*m + 48 = 0, 4*t = -h*m + 11 + 56. Let s = -6 + t. Is s composite?
False
Let i = 9 - 12. Is ((-1266)/6)/(i/3) prime?
True
Let x = -19 + 43. Let t be (-9)/x + 38/16. Is (-18)/15*(-1765)/t prime?
False
Let h = 49291 - 13254. Is h prime?
True
Let m(q) = 21*q + 3. Let r be m(8). Let o = 277 - r. Is o prime?
False
Suppose 0 = l - 2, 8*l - 4970 = -5*s + 3*l. Suppose -1036 = 4*n - 0*n. Let k = n + s. Is k a prime number?
True
Let t = -202 - -198. Suppose -3*x = -2*x - y + 157, -4*x - 630 = -5*y. Is t/(-24) + x/(-6) a prime number?
False
Suppose -5*m = -4*g - 5515, -2*m + 2188 = -0*m + 2*g. Suppose 3*u + 220 - m = 0. Is u a composite number?
False
Let c be 4/6*621/18. Suppose -4*o = c - 95. Let w = 137